e the remainder when 618 is divided by c.
200
Let q(u) = u**2 - u + 20. Let h = 111 - 75. What is the remainder when q(0) is divided by 243/h + (-6)/8?
2
Let b(u) = -4*u + 71. Let i be b(18). Let r(j) = -848*j + 14. What is the remainder when r(i) is divided by 9?
7
Suppose 82*f = -148*f + 29900. Calculate the remainder when 2334 is divided by f.
124
Let n = -1043 - -2426. Suppose -1381*i + n*i = 10. Let r(p) = 2*p**3 - 2*p**2. Calculate the remainder when r(3) is divided by i.
1
Suppose 51*z - 56*z + 8040 = 0. Suppose 5*x = 4*m - 2149, 4*m - 7*m + 3*x = -z. Calculate the remainder when m is divided by 19.
18
Let v(k) = -2*k + 1. Let x(n) = -8*n - 87. Let c(y) = v(y) + x(y). Calculate the remainder when 126 is divided by c(-12).
24
Suppose 0 = -7*x + 5*x - 4, -4*y + 828 = -2*x. Calculate the remainder when y is divided by 14.
10
Calculate the remainder when (-80)/(-8) - (-24 - 1180) is divided by 15.
14
Let g be 46/253 - (-1 - (-1941)/(-33)). Suppose -d - g = -u + 4*d, u = -2*d + 74. What is the remainder when u is divided by (-1 - -2)*2 - -16?
16
Let w = 5 + 28. Let h = w - 17. Let q(m) = 2*m**3 - 19*m**2 - 10*m + 4. Calculate the remainder when h is divided by q(10).
0
Let i(d) = -d + 3. Let v be 32/14 - (-24)/(-84). Let m be i(v). Calculate the remainder when 47 is divided by ((-8)/6)/(m/((-39)/2)).
21
Suppose 5*k - 4*s = 95, -263*k + 30 = -260*k + 3*s. Calculate the remainder when 8199 is divided by k.
9
Let j(r) = -403*r - 1522. What is the remainder when j(-23) is divided by 27?
25
Let i(l) = -76*l - 135. Let n(r) = 84*r + 418. Let g be n(-5). Calculate the remainder when 237 is divided by i(g).
16
Suppose y = 3*d - 0*y - 16, d + y = 0. Suppose 8 = d*f, 4*f = 5*m - 287 - 390. What is the remainder when m is divided by 35?
32
Suppose 55*j + 1455 = 70*j. Suppose 108*c - 627 = j*c. Calculate the remainder when 108 is divided by c.
51
Let d(k) = 117*k + 1657. What is the remainder when d(-11) is divided by 119?
13
Suppose -24*i - 11595 = -2355. Let w = -363 - i. What is the remainder when w is divided by 15?
7
Calculate the remainder when 915 is divided by ((-393)/3 + 0)*(19 + (-360)/18).
129
Suppose -3 = -2*w - 3*y, -5*y + 10 = -3*y. Calculate the remainder when 28 is divided by (8/w + (-104)/12)*-1.
8
Suppose 2*i - 2*a = 270, -264 = 4*i - 6*i - 4*a. Calculate the remainder when i - (-3 + -5 - -3) is divided by 36.
31
Let x(t) = 475*t - 6059. Calculate the remainder when 1773 is divided by x(14).
0
What is the remainder when ((-19745)/22)/((-40)/16) is divided by 182?
177
Suppose 0 = a - 5, 24*a + 25 = 4*c + 21*a. Suppose 3*r = 3*t + 12, c = 4*t + 2. Calculate the remainder when (-364)/(-16) - (-1)/4 is divided by r.
5
Let a = -1218 - -1231. What is the remainder when 337 is divided by a?
12
Suppose -6*d - 50*d + 239031 = 7191. What is the remainder when d is divided by 37?
33
Let n = -7042 + 7068. Calculate the remainder when 1325 is divided by n.
25
Suppose 0 = -t - 2*s - 314, 5*t - 2*s = 3*s - 1585. Let f = t - -331. What is the remainder when 44 is divided by f?
14
Let h(v) = -3*v + 1. Let y be ((-12)/12)/((-1)/16). Suppose 3*p = 5*g + 276, -5*p + 15*g - y*g = -460. Calculate the remainder when p is divided by h(-5).
12
Calculate the remainder when 364/546 + (-35684)/(-6) is divided by 50.
48
Let y be -3*(-376)/(-60)*(-135)/18. Let z = y - 134. What is the remainder when z is divided by 6?
1
Let q(u) = -u**3 - 4*u**2 - u + 7. Let o be q(-3). Let x be (-2 - o) + (-2 - -2). Calculate the remainder when 28 is divided by x/2*(4 + (-34)/3).
6
Let m = -44 - -103. Let b = -76 + m. Let a = 1 - b. Calculate the remainder when 52 is divided by a.
16
Suppose 5*a = -116*q + 119*q - 2024, -2*q + 1381 = 3*a. Calculate the remainder when q is divided by 5.
3
Let l = -7442 + 7499. Let n(h) = 2*h + 4. What is the remainder when l is divided by n(4)?
9
Let f be (-30)/5*4/(-3)*-2. Let g = -17 + 26. Calculate the remainder when 95 is divided by (g/6)/(-1)*f.
23
Suppose 0 = -145*s + 16*s + 6875 + 7186. Calculate the remainder when 993 is divided by s.
12
Let i(x) = -4*x**2 - 28*x - 28. Let b be i(-5). What is the remainder when 54 is divided by (6/4)/1*(b + -4)?
6
Calculate the remainder when 12214/22 - -4 - (-34)/(-187) is divided by 70.
69
Let x(v) = 23*v + 28. Let u be x(-1). Suppose 0 = r - u*g + 3*g - 77, -r + 72 = 3*g. Calculate the remainder when 223 is divided by r.
73
Let r be (-1380)/(-13) - -2 - 22/143. Let o = 168 - r. What is the remainder when o is divided by 16?
12
Let s = 517 + 40. What is the remainder when s is divided by 13?
11
Calculate the remainder when 735 is divided by 22/88 + 107/4 - 5.
9
Let u = -110 + 273. Let p(i) = -i**2 - 14*i + 31. What is the remainder when u is divided by p(-13)?
31
Suppose -7*l = -10*l - 2*y + 31, 0 = -l + y + 7. Suppose -4*r = l*j - 5*j - 780, 2*r + 4*j = 392. What is the remainder when r is divided by 67?
60
Let i(g) = 3*g + 2. Let h(f) = 17*f + 127. Let t(r) = -h(r) + 3*i(r). Calculate the remainder when 70 is divided by t(-23).
7
Suppose 0*q - 3*d - 1169 = -q, -5*q + 5773 = 3*d. Suppose -q = 32*s - 45*s. What is the remainder when s is divided by 23?
20
Suppose -89 = -5*q + u + 78, -5*q = 5*u - 155. Calculate the remainder when 194 is divided by q.
29
Let t = 3531 + -3509. Calculate the remainder when 80 is divided by t.
14
Let n = -50093 + 50115. Let f = -2 + 2. Suppose 188 = 5*g + 3*c, 2*c + 3*c + 20 = f. What is the remainder when g is divided by n?
18
Suppose 0 = n - 1, -260 = -5*v + 5*n - 10*n. Suppose v = 6*p - 39. What is the remainder when p is divided by 8?
7
Suppose 3*y + 19 = f, f + 2*y - 3*y = 19. Suppose -4*x = 20, -x - f + 37 = z. Calculate the remainder when z is divided by 15.
8
Suppose -7 + 3 = -2*i. Suppose -3*f + 37 - 8 = i*d, 3*f = -3*d + 39. Let b = 58 - 34. Calculate the remainder when b is divided by d.
4
Suppose 4*m = -39*z + 36*z + 39, -4*z = -2*m - 96. Calculate the remainder when 223 is divided by z.
13
Suppose -4*v - 5*q = -551 - 238, -5*q + 216 = v. Calculate the remainder when 773 is divided by v.
9
Let u be ((-12)/15)/((-1)/5) - -7. Suppose 0 = 5*t + 4*k - 49, 5*k - 4 = k. Suppose -t*v - 220 = -u*v. What is the remainder when v is divided by 19?
15
Suppose 5*b - 35 = 55. Let r = 36 + -36. Suppose r*g - b = -3*g. Calculate the remainder when 65 is divided by g.
5
Let y = -7 + 11. Suppose -12 + 4 = -n + y*c, -3*n + 5*c = -24. What is the remainder when n is divided by (22 - 27)*2/(-2)?
3
Suppose 4*z + z = 35. Suppose 0 = l - 17 - z. Let b = -59 - -72. Calculate the remainder when l is divided by b.
11
Let f = 7169 + -6299. What is the remainder when f is divided by 148?
130
Suppose 430*t - 1478726 = -112*t - 484156. What is the remainder when t is divided by 77?
64
Suppose -11 - 4 = -3*t. Suppose -t*m + m = 2*h - 184, -3*m + 132 = 3*h. Suppose 36 = 6*o - m. Calculate the remainder when 68 is divided by o.
12
Suppose -5*y - 6 = 3*m + 36, 0 = 5*y + m + 34. Let l be -3*(-4)/y*(-70)/20. Suppose 0 = -4*r - l*r + 561. What is the remainder when r is divided by 9?
6
Let i = 632 + -615. Calculate the remainder when 2659 is divided by i.
7
Let y(c) = -c**3 + 20*c**2 - 35*c + 11. Let j = 0 + -6. What is the remainder when j/(-8) - (-445)/4 is divided by y(18)?
25
Let d = 193 + -177. Suppose 2*t = -i + 75, 0 = 4*t + 14*i - 10*i - 160. What is the remainder when t is divided by d?
3
Let t be 5 + 128/(-20) + (-2)/(-5). Calculate the remainder when (-3234)/(-55) + t/(-5) is divided by 5.
4
Suppose -20280 = 2*u - 20642. Calculate the remainder when 888 is divided by u.
164
Suppose -5*f + 4*c - 6 = 4, 2 = 3*f - 4*c. Let j be (67/(-2))/(3/f). Suppose 3 + j = 5*d. Calculate the remainder when 41 is divided by d.
13
Suppose -q + 393 = a + 40, 369 = q - 3*a. What is the remainder when q is divided by 8?
5
Let q(u) = -415*u + 78. What is the remainder when q(0) is divided by 4?
2
Let d(r) be the second derivative of r**3/6 + 19*r**2/2 + 5*r. Let x be (-144)/27 + 7 + (-31)/(-3). What is the remainder when 123 is divided by d(x)?
30
Let v(j) = 3*j**2 + 16*j - 11 - 4 - 4*j**2. Let t = -8 - -13. What is the remainder when v(14) is divided by t?
3
Let p(v) = -v + 21. Let u be p(17). Suppose 0 = 5*o + u*y - 367, -4*y + 6 = -2*y. What is the remainder when 283 is divided by o?
70
Suppose 2*z = 7*z